visor of k and 8.
1
Let k be 1*7/(10/5 + -1). Suppose -k*z + 11*z + 86 = 2*g, 3*z + 162 = 4*g. Calculate the greatest common factor of g and 26.
13
Let l be 6 + (-56)/9 - 2030/(-63). Suppose 264 = -5*c + 1144. What is the greatest common divisor of c and l?
16
Let x = -10632 - -10724. Calculate the highest common factor of x and 12742.
46
Let f be 4*((-21)/(-2) - 4)*5. Let d be (f/12)/((-29)/(-174)). What is the greatest common factor of d and 5?
5
Let q be (2 - (-32)/(-20))/(3/30). Let a be 12/(-20) + 12/20. Suppose -p + 12 + 0 = a. Calculate the highest common factor of p and q.
4
Suppose 5*m - 5*r = 65, m = 5*m - 3*r - 49. Let z(g) = -65*g - 1. Let h be z(1). Let n = h + 116. Calculate the highest common divisor of n and m.
10
Let x(i) = -i**3 - 4*i**2 + 16*i + 45. Let z be x(-7). What is the highest common divisor of z and 1584?
16
Let l(w) be the second derivative of w**5/20 + w**4/6 + w**2 + 23*w. Let t be l(-4). Let o = t - -51. What is the greatest common divisor of o and 42?
21
Suppose -3*y = 4*b + 1241, -5*b + 4*y - 1560 = -y. Let x = b + 341. Calculate the highest common divisor of 10 and x.
10
Let f(z) be the third derivative of z**4/4 - 17*z**3/6 - 24*z**2. Let v be f(4). Calculate the greatest common factor of 119 and v.
7
Suppose 2*v - 148 = -2*j, 4*v = -v - 2*j + 370. Let l be ((-1)/(32/1776))/(33/(-440)). What is the highest common divisor of v and l?
74
Suppose -15 = -6*v + 63. Suppose -2*b + 15 = -5*d - b, 0 = -4*d + b - v. Let i be d + 1 + -4 + 46 + 1. Calculate the highest common divisor of i and 14.
14
Let m be 2/(-6) - ((-1010)/15 - 3). Suppose -19*s = -14*s + m. Let k = -7 - s. What is the highest common factor of k and 7?
7
Suppose 6*i + 2856 = -0*i. Let v = i + 110. Let w = -216 - v. What is the highest common factor of 30 and w?
30
Let t = 1240 - 600. Let p be -1 - ((-2)/(-5) - t/100). Calculate the highest common factor of p and 45.
5
Let c = -31852 - -32582. What is the greatest common divisor of c and 26645?
365
Let s(m) = -3*m + 6. Let f be s(-17). Suppose -j + 217 = f. Suppose 2*c - 6*c + j = 0. Calculate the highest common factor of 10 and c.
10
Let y = 23 + -10. Suppose -20 = 5*z, -9*p + y*p - 3*z = 100. What is the greatest common divisor of 407 and p?
11
Suppose 79*j + 134 = 2*l + 83*j, 0 = -5*j + 25. Let y(t) = -65*t**3 + 1. Let x be y(-1). Let p = x - l. What is the greatest common factor of p and 99?
9
Let h(q) = 3*q + 6*q**2 + q**2 - 5*q**3 + 6*q**3 + 0 + 10. Let i be h(-4). What is the highest common divisor of 368 and i?
46
Let m be 0*(-6)/(-12)*-1. Suppose m = -7*g + 4149 - 3729. Calculate the highest common factor of g and 480.
60
Let l be (-1)/2 - 99/(-6). Let t = -16 + l. Suppose 96 = -t*o + 4*o. What is the highest common factor of 12 and o?
12
Let v(p) = -75*p**2 + 3*p - 1. Let l be v(3). Let n = l + 685. What is the greatest common factor of n and 72?
18
Let s = 19914 - 19551. What is the greatest common divisor of s and 187?
11
Suppose -2*q - 5*g + 857 - 67 = 0, -4*q + 3*g = -1606. Let j(r) = -r**2 + 31*r - 125. Let b be j(25). Calculate the highest common factor of q and b.
25
Let m be 4735 + (-8 + 4 - (1 + -6)). What is the greatest common factor of 128 and m?
128
Suppose h = -41*f + 38*f + 334, 5*f = h + 562. Calculate the greatest common factor of 1744 and f.
16
Suppose -40*h = -708 + 28. Let s(k) = 5*k + 4. Let u be s(6). What is the highest common factor of h and u?
17
Let o = 43290 + -42915. Let b = 53 - 38. Calculate the highest common factor of b and o.
15
Suppose 0*v = -6*v - 2*v. Suppose v = 11*g - 2*g - 54. Let z = 35 + -31. Calculate the highest common divisor of z and g.
2
Let g(w) = 36*w + 2098. Let a be g(-58). What is the greatest common factor of a and 490?
10
Let s = -27 - -230. Let z = -33 + 8. Let k = 4 - z. What is the highest common factor of s and k?
29
Let h be (2/(-6))/(1416/(-108) + 13). Calculate the greatest common divisor of h and 251.
1
Suppose 95*z = 133*z - 126464. What is the highest common factor of z and 8?
8
Suppose 41 = -o + 66. Suppose 0 = o*n - 49 - 451. Calculate the greatest common divisor of n and 60.
20
Let w = 243 - 240. Let x be 0 + w + 2 + 5 + 26. Calculate the greatest common factor of x and 972.
36
Suppose 8*c + 8 = 4*c. Let d be c/7 + 2/7. Suppose 5*t = l + 63, t + d*t = -l + 15. What is the highest common divisor of t and 143?
13
Let h(d) = d - 2. Let p be h(3). Suppose -1356*y + 3532 = -473*y. Calculate the greatest common factor of p and y.
1
Suppose 7*j = -937 + 3849. Let n be (4 + -20)/((-3)/6). Calculate the highest common factor of n and j.
32
Suppose -13*r - 26 = -26*r. Suppose -2*p = r*j + 3*j - 773, 5*j + 5*p = 785. What is the greatest common divisor of 68 and j?
17
Suppose -60*h - 72612 = -34344 - 252828. Calculate the greatest common factor of 72 and h.
24
Let r be 1392/21 - (-4)/(-14). Let z = -10084 - -10087. What is the highest common divisor of z and r?
3
Suppose 3*q = 2*q, -q + 156 = -4*o. Let z = 36 + o. Let j(m) = 4*m**2 - 4*m + 2. Let g be j(z). What is the greatest common divisor of g and 5?
5
Let a(l) = 2*l**3 - 4*l**2 - 4*l - 6. Let y be a(4). Suppose -2*v - 4 + y = 0. Let t = v - 1. Calculate the greatest common divisor of t and 18.
18
Let g(i) = -8*i + 3. Let n be g(-4). Let j(u) = 8*u - 62. Let h be j(9). Let q be h/((-150)/(-35))*3. Calculate the greatest common factor of n and q.
7
Let v(z) = 6*z + 10. Suppose -61 + 241 = 20*h. Let j be v(h). Let d be 3*(0 + 16/6). Calculate the highest common divisor of d and j.
8
Let c(j) = -11*j**2 + 5*j + 4. Let t be c(4). Let p = -226 - -136. Let z = p - t. Calculate the greatest common divisor of 31 and z.
31
Let c(d) = -133*d**2 - 972*d + 33. Let i be c(-7). What is the greatest common divisor of 380 and i?
20
Let a = 259 - 181. Let v = a - 37. Suppose -139 = -3*g + v. What is the highest common factor of g and 24?
12
Suppose 2*h + 3*b - 1716 = 0, -22*h - 4347 = -27*h + 2*b. What is the greatest common factor of 6 and h?
3
Let s(k) = k**2 + 25*k - 12. Suppose -2*w + 1 = -3*w, f + 29 = -2*w. Let a be s(f). Calculate the highest common divisor of 546 and a.
42
Suppose -16*a = 1473 - 3745. Calculate the highest common factor of a and 23998.
142
Let f(x) = -x. Let q be f(-2). Let z be (0 - q) + -5 + 34. Let a be 3882/48 + ((-1)/1)/(-8). What is the highest common divisor of z and a?
27
Let a be -2 - 169/((-410)/50 + 8). Calculate the greatest common divisor of 12 and a.
3
Suppose -3 = 11*s + 8. Let h be (-12)/(-6)*-13*s. Suppose -y + 1162 = 4*y - 2*i, -4*i + 16 = 0. Calculate the highest common factor of h and y.
26
Let n(m) = -1095*m - 5201. Let z be n(-11). What is the highest common factor of z and 944?
236
Let f(o) = -22*o - 18. Let s(w) = -w - 1. Let u(l) = f(l) + 5*s(l). Let j be u(-8). Let c be (-3)/24 + j/8. Calculate the greatest common factor of 16 and c.
8
Suppose -27*v + 22*v - 8*u + 9344 = 0, 2*u = 6. What is the greatest common factor of v and 24?
8
Suppose -3075 + 3053 = c. Suppose h = 6*h - 50. Let y = h - c. Calculate the highest common factor of 32 and y.
32
Suppose -4*o = -h + 10629, -h - 2*o - 31827 = -4*h. Calculate the greatest common factor of h and 101.
101
Let z = -1 - -1. Suppose 4*t + 0*t - 120 = z. Suppose 0 = 4*p + 3*c - 49, 2*c + 39 = 5*p - 5. What is the greatest common divisor of p and t?
10
Let k = 29 + -7. Let t be (k/44)/((-1)/(-256)). Let p = 236 - t. What is the highest common divisor of p and 12?
12
Let g(h) = -21*h**3 - h**2 - 3*h + 3. Let n be g(1). Let z(d) = 4*d + 151. Let x be z(n). What is the highest common divisor of 126 and x?
63
Suppose 3*y + 20 = 8*y, -2*y = q - 1895. Calculate the greatest common divisor of 204 and q.
51
Let v(r) be the third derivative of r**4/6 + 31*r**3/6 - 254*r**2. Let u be v(32). What is the greatest common factor of u and 265?
53
Suppose 0*q - 4*q = -317 + 77. What is the highest common factor of 5955 and q?
15
Suppose 4*z = -n + 12748, -29*z + 25*z - 12716 = -n. What is the greatest common factor of n and 6?
6
Suppose 2*k + 10466 = 8*i - 10*i, -2*k = -3*i + 10451. Let t = -3548 - k. What is the greatest common factor of t and 58?
58
Let h(s) = s**2 - 59*s + 546. Let w be h(49). Calculate the highest common divisor of 1064 and w.
56
Suppose 2*k - w - 143 = -38, 54 = k - 2*w. Suppose 0 = -46*x + k*x - 45